t common factor of 132264 and 2117764.
44
What is the greatest common factor of 10145034 and 54?
54
What is the greatest common factor of 688729 and 8?
1
What is the greatest common factor of 5022 and 5604738?
186
Calculate the greatest common divisor of 517 and 1114790039.
517
Calculate the greatest common factor of 87101 and 9475074.
3787
Calculate the greatest common factor of 8191 and 4748576621.
8191
Calculate the highest common factor of 9930913 and 4062.
677
Calculate the greatest common factor of 13828367 and 7.
7
Calculate the greatest common factor of 733312 and 528.
16
Calculate the highest common factor of 12562 and 68717.
11
What is the greatest common divisor of 3520 and 61268570?
110
What is the greatest common divisor of 2759890 and 665?
35
What is the greatest common factor of 291992339 and 339?
113
Calculate the greatest common divisor of 14 and 119290486.
14
Calculate the highest common factor of 16929 and 6303.
33
What is the highest common divisor of 8685 and 248040?
45
What is the greatest common factor of 12 and 25504638?
6
Calculate the greatest common divisor of 42 and 15358924.
14
Calculate the highest common divisor of 27787 and 221545.
751
Calculate the greatest common divisor of 57825 and 1034775.
225
Calculate the greatest common divisor of 16090544 and 2256.
752
What is the highest common divisor of 9144835 and 315?
35
What is the greatest common factor of 1036 and 76262550?
518
Calculate the greatest common factor of 1130480 and 1080.
40
Calculate the greatest common divisor of 420633 and 1377.
81
What is the highest common divisor of 7783140 and 45?
15
Calculate the greatest common factor of 2048 and 47779840.
2048
Calculate the greatest common divisor of 4392290 and 381990.
1190
What is the greatest common divisor of 573 and 33447?
3
What is the greatest common divisor of 2240 and 5402320?
560
What is the highest common divisor of 140 and 105685?
5
What is the highest common divisor of 31892982 and 17632?
1102
Calculate the greatest common divisor of 117839115 and 445.
445
What is the greatest common divisor of 2820236 and 2573044?
11236
What is the highest common divisor of 63632 and 28208?
656
What is the highest common divisor of 259284170 and 102?
34
What is the highest common factor of 917098 and 134862?
182
Calculate the greatest common divisor of 16044 and 82488.
84
Calculate the greatest common divisor of 4081476 and 126.
42
What is the greatest common divisor of 21825 and 988236?
873
What is the highest common factor of 1496 and 46089448?
136
What is the highest common divisor of 11350336 and 144?
16
What is the highest common divisor of 240 and 7563120?
240
Calculate the greatest common factor of 12550947 and 204.
51
Calculate the highest common divisor of 1924098446 and 386.
386
Calculate the greatest common divisor of 43340 and 44077.
11
What is the highest common divisor of 293760 and 1008?
144
What is the greatest common divisor of 6057 and 593235?
9
Calculate the greatest common factor of 136344 and 218842.
494
What is the greatest common divisor of 1937118 and 50466?
3882
What is the highest common factor of 251571178 and 1286?
1286
Calculate the greatest common divisor of 360 and 139266600.
120
Calculate the greatest common divisor of 101 and 1324592982.
101
What is the highest common divisor of 20172032 and 80?
16
What is the highest common factor of 451 and 16245779?
11
What is the greatest common divisor of 4887 and 2180784654?
4887
What is the greatest common factor of 4683830 and 420?
10
Calculate the highest common factor of 28 and 491145557.
7
Calculate the greatest common factor of 5990 and 123920.
10
Calculate the greatest common divisor of 70 and 2943808.
14
What is the greatest common factor of 2925126 and 12312?
1026
What is the highest common divisor of 3482 and 2578?
2
Calculate the highest common factor of 36393224 and 280.
56
Calculate the highest common factor of 31 and 606437624.
31
What is the highest common factor of 232 and 92227656?
232
Calculate the highest common factor of 776803498 and 40692.
6782
Calculate the highest common divisor of 229023785 and 23445.
2605
Calculate the greatest common divisor of 138 and 51242229.
69
What is the greatest common factor of 3855 and 55429760?
1285
What is the greatest common factor of 70172 and 9599?
331
What is the highest common divisor of 1492803 and 6786?
117
Calculate the highest common divisor of 63840 and 1172832.
1824
What is the greatest common factor of 32 and 46289904?
16
Calculate the highest common divisor of 12552 and 540259.
523
Calculate the greatest common factor of 163718 and 575266.
1502
What is the greatest common factor of 20 and 16725120?
20
What is the highest common factor of 7410 and 46413770?
2470
Calculate the highest common factor of 183 and 696681.
183
What is the greatest common divisor of 771915750 and 8350?
8350
Calculate the highest common divisor of 7437765 and 15.
15
What is the highest common divisor of 828017 and 14420?
103
What is the highest common factor of 85416 and 2088?
24
What is the greatest common divisor of 38 and 38257754?
38
What is the greatest common factor of 24 and 74845866?
6
What is the greatest common factor of 34 and 2547382?
34
What is the highest common factor of 4878126 and 133248?
2082
What is the highest common factor of 5126736 and 534?
6
Calculate the highest common divisor of 357152 and 71680.
32
Calculate the highest common factor of 6163624 and 54200.
2168
Calculate the highest common factor of 190187 and 200905.
23
What is the highest common factor of 80512364 and 2568?
428
What is the greatest common factor of 10281434 and 90136?
1186
What is the greatest common factor of 1555722 and 1134?
126
Calculate the greatest common factor of 13156260 and 546.
78
Calculate the highest common divisor of 14725347 and 777.
21
What is the highest common factor of 4097539 and 247960?
6199
Calculate the highest common divisor of 2824 and 371802192.
2824
What is the highest common divisor of 50666 and 714494?
1034
What is the greatest common divisor of 61 and 5039306?
1
What is the highest common divisor of 15092 and 652905?
11
What is the highest common divisor of 11132011 and 108834?
1067
Calculate the highest common divisor of 53552 and 176.
16
Calculate the greatest common divisor of 568960 and 573405.
4445
What is the greatest common divisor of 15779242 and 292?
146
What is the greatest common divisor of 1515 and 123918213?
303
What is the highest common divisor of 99911077 and 21?
7
Calculate the highest common divisor of 445540 and 2.
2
Calculate the highest common factor of 720680 and 1217416.
344
Calculate the greatest common factor of 13088095 and 313.
313
Calculate the greatest common divisor of 1709297 and 21071.
19
Calculate the greatest common divisor of 488847 and 4444694.
3467
Calculate the highest common factor of 199803526 and 26.
26
What is the greatest common divisor of 170 and 404488055?
85
Calculate the greatest common divisor of 252 and 91332444.
84
What is the greatest common divisor of 145196200 and 8?
8
Calculate the highest common factor of 90 and 3177950.
10
Calculate the highest common divisor of 3258 and 27962328.
1086
What is the highest common factor of 257124708 and 6096?
1524
What is the highest common divisor of 7303515 and 46671?
993
Calculate the highest common factor of 87065727 and 1281.
1281
Calculate the highest common divisor of 1522794 and 3094.
182
Calculate the highest common divisor of 210867722 and 676.
338
Calculate the greatest common factor of 17158419 and 6837.
129
What is the highest common factor of 800 and 203857760?
160
Calculate the highest common divisor of 6 and 15433962.
6
What is the highest common divisor of 600644 and 9451456?
4964
Calculate the greatest common divisor of 6105914 and 3870.
86
What is the highest common factor of 232 and 11398334?
58
Calculate the highest common factor of 595 and 11130595.
35
Calculate the greatest common factor of 130 and 80222270.
10
What is the greatest common divisor of 15075 and 27939?
201
Calculate the greatest common divisor of 10474062 and 276.
138
What is the greatest common divisor of 152024 and 1257876?
2452
What is the greatest common factor of 63828 and 35155044?
7092
Ca